 d be (-23)/(-2)*14*(-3)/(-3). Let p = d + -140. What is the remainder when p is divided by 2/3 + (-44)/(-6)?
5
Let r be -4 + 0 + 4 + 4. Suppose 200 = 5*m + 5*s, -r*m + 68 = -2*m - s. Calculate the remainder when m is divided by 20.
16
Let w(j) = j**2 + j - 12. Let i be w(-4). Suppose -2*p + 2*v + 130 = 0, -2*p + i*v + 126 = 2*v. Calculate the remainder when p is divided by 34.
30
Let v(d) = -d**3 + 48. Let y be v(0). Let n = -42 + y. Calculate the remainder when 18 is divided by n.
0
Let t = 1064 + -582. Calculate the remainder when t is divided by 231.
20
Suppose -11*j = -6*j - 240. Calculate the remainder when 381 is divided by j.
45
Suppose 47 = -3*l + 6*l + 4*r, -l + 34 = 5*r. Calculate the remainder when 56 is divided by l.
2
Let o(r) = r**2 - 2*r. Let y be o(4). Suppose 19 + y = 3*u. Calculate the remainder when 15 is divided by u.
6
Suppose 290*q - 281*q - 2232 = 0. What is the remainder when q is divided by 21?
17
Let u(o) = 659 - o + o**2 + 0*o - 694. What is the remainder when 107 is divided by u(9)?
33
Let i(n) be the first derivative of -n**2 + 25*n - 8. Let b(u) = -3*u + 38. Let h(p) = -5*b(p) + 8*i(p). Calculate the remainder when 70 is divided by h(-8).
16
Let o(t) = t**2 + 24*t - 16. Calculate the remainder when 252 is divided by o(-27).
57
Let i(j) = 6*j + 2. Suppose 7*o = 2*o + f + 18, -3*f + 6 = 0. Suppose -2*t = -o*t + 18. What is the remainder when i(7) is divided by t?
8
Let y(m) = 2*m**2 - 46*m + 90. Calculate the remainder when 315 is divided by y(21).
3
Let z(d) = 119*d**2 + 5*d - 6. Calculate the remainder when z(1) is divided by 43.
32
Let t = -3 - -14. What is the remainder when (3 - t/2)*1372/(-35) is divided by 4/(-10) + (-254)/(-10)?
23
Let j(y) = -y**2 - 18*y + 57. What is the remainder when j(-14) is divided by 12?
5
Let z = 60 - 43. Let q = -533 + 778. Suppose -9*i + q = -4*i. Calculate the remainder when i is divided by z.
15
Let r(d) = -8*d**2 - 3*d + 3. Let v be r(2). What is the remainder when 4/(-10) + (-2359)/v is divided by 35?
32
Let o(b) = 20*b**3 - 2*b + 1. Let g = 4 - 3. Suppose -3*y + 36 = -3*w, -5*y - 17 = -7*y - 5*w. Calculate the remainder when o(g) is divided by y.
8
Let y(x) = x - 5. Let g be y(2). Let j(z) = -7*z - 13. Calculate the remainder when 9 is divided by j(g).
1
Let q(u) = -70*u - 207. What is the remainder when q(-4) is divided by 9?
1
Let a(x) be the first derivative of x**3/3 - 5*x + 2. Suppose 8*i - 13*i + 30 = 0. What is the remainder when a(i) is divided by 17?
14
Suppose 0 = -2*b - 63 + 181. Calculate the remainder when 1060 is divided by b.
57
Let a = 439 + -135. Let g = -184 + a. Suppose -10*x + g = -6*x. Calculate the remainder when x is divided by 17.
13
Let u(x) = x - 2. Let c be u(17). Calculate the remainder when (4/(-5))/(2/(-335)) is divided by ((-170)/c)/(3/(-9)).
32
Suppose -2*b + 24 = -5*k - 2, 3*b = -5*k + 64. Calculate the remainder when 247 is divided by b.
13
Calculate the remainder when (2/(-2))/(27/(-7398)) is divided by 25.
24
Suppose 2*g + 1 = -i, 6 = 2*g + g. Calculate the remainder when 34 is divided by (8 - -7)*(-3)/i.
7
Let v(l) = -l**2 + 7*l - 7. Let y be v(5). Let j be (48/(-18))/((-1)/y). Suppose -i - j = -2*i. What is the remainder when 23 is divided by i?
7
Suppose -q - 525*f + 524*f + 68 = 0, 5*q = -4*f + 345. Calculate the remainder when q is divided by 38.
35
What is the remainder when 1095 is divided by (-3718)/(-429) + (-2)/(-6)?
6
Let h(a) = -2*a**2 + 6*a + 1. Let f be h(3). Calculate the remainder when 49 is divided by f + 22 + 5*-1.
13
Suppose -13 = -6*m + 19*m. Calculate the remainder when 119 is divided by (-5 - (0 + -20))*(m - -2).
14
Suppose -3*t + 278 + 208 = 0. Calculate the remainder when t is divided by 15.
12
Suppose 0 = 2*v - 3*u - 23 - 5, -v - 2*u + 14 = 0. Calculate the remainder when 151 is divided by v.
11
Suppose -g = -5*s + 98, 28*g + 8 = 32*g. Calculate the remainder when 61 is divided by s.
1
Let w = 8613 - 8601. Let k(o) = -9*o - 1. Calculate the remainder when k(-5) is divided by w.
8
Let c(x) = -x**3 + 6*x**2 + x - 9. Calculate the remainder when 53 is divided by c(4).
26
Suppose -3*s + 15 = -2*s. What is the remainder when (-19)/(4 + s/(-3)) is divided by 5?
4
Let h(b) = -12*b + 260. Calculate the remainder when h(20) is divided by -14*(-2 + 16/14).
8
Let d = 22 - 20. Suppose -5*t = o - 54, 0 = 4*t - d*o + 7*o - 60. Let f(h) = 9*h - 6. What is the remainder when f(6) is divided by t?
8
Let h = -372 + 471. What is the remainder when h is divided by 34?
31
Suppose -1538*c = -1548*c + 1070. Calculate the remainder when 641 is divided by c.
106
Let y(p) = p**3 - 5*p**2 - 13*p - 14. Let b be y(7). What is the remainder when 125 is divided by ((-6)/(-4))/3*(-252)/b?
17
Suppose -44*t - 273 = -57*t. Calculate the remainder when 28 is divided by t.
7
Let o = -158 + 166. What is the remainder when 238 is divided by o?
6
Suppose 0*c + 78 = 3*c. Let a(k) = -k**3 + 6*k**2 + 8*k - 3. Let d be a(7). Calculate the remainder when c is divided by 26/d + 6/12.
5
What is the remainder when 158 - -4 - (-7 + 0) is divided by 22?
15
Suppose 21*o - 3 = 20*o. Suppose 5*t + 5 = 0, 6*x + 5*t = o*x + 4. What is the remainder when 2/11 + (-97)/(-11) is divided by x?
0
Let w(r) = 40*r**3 + 4*r**2 + 3*r - 3. Let a be ((-16)/24)/((-4)/(-18)). Let v be w(a). What is the remainder when 10 is divided by (-2)/(-15) - v/180?
4
Suppose 0 = -378*s + 366*s + 1212. Calculate the remainder when s is divided by 13.
10
Suppose 2*i + 0*s + 4*s - 62 = 0, 5 = -5*s. Let u(n) = 86*n - 543. What is the remainder when u(7) is divided by i?
26
Let s(y) = -y**3 - 4*y**2 + 2*y. Let k(r) = r**3 - 16*r**2 + 15*r - 5. Let b be k(15). Let g = 13 - -44. Calculate the remainder when g is divided by s(b).
12
Let v = -687 + 881. What is the remainder when v is divided by 20?
14
Suppose 0*u = -5*u + 285. Let x(b) = -b**3 - 4*b**2 + 4*b - 2. Let i be x(-5). Let c = i + 12. Calculate the remainder when u is divided by c.
12
Suppose 5*c = 3*m + 157, 3*c + m = c + 54. Let h be -1 - (-3 - -4) - -2. Suppose 0*g + g - 113 = h. Calculate the remainder when g is divided by c.
26
Let q = 21 + 22. What is the remainder when q is divided by 11?
10
Calculate the remainder when 167 is divided by ((-34)/7)/(140/(-980)).
31
Let d(h) = h**3 - 6*h**2 + 8*h - 5. Suppose 2*s + 5*j = 30, 4*s = 2*s - 4*j + 26. Let v = 2 + 4. Calculate the remainder when d(s) is divided by v.
4
Let y be (-101)/(-2) + 1/2. Suppose -3*x + y + 6 = 0. What is the remainder when 3/(-2) - (-308)/8 is divided by x?
18
Let t(b) = -b + 13. Let j be t(11). Suppose -2*a + 2*l = -l - 47, 3*l = -15. Suppose -j*q = 6 - a. What is the remainder when 12 is divided by q?
2
Let l(m) = -38*m - 2. Suppose 111*y - 2578 = -6*y + 581. Calculate the remainder when l(-2) is divided by y.
20
Suppose -36 = -2*n - 0*n. Let v be 8/6 - (-12)/n. Suppose v*r = 7*r - 4*o - 161, 0 = 2*o + 8. What is the remainder when 86 is divided by r?
28
Let z = 6 + -3. Suppose 3*r = -0*r + 2*f + 148, -f = z*r - 142. Let p = 650 - 637. Calculate the remainder when r is divided by p.
9
Suppose -12*a + 855 = -633. Calculate the remainder when a is divided by 13.
7
Suppose -2*h = 2*i + 270 - 2086, -5*i = 10. Suppose -10*b = -3*b - h. Calculate the remainder when b is divided by 33.
31
Let m be (2/3)/((-2)/(-18)). Let d(c) = -c**3 + 7*c**2 - 2*c - 3. Calculate the remainder when d(m) is divided by 0 - (0 - 9) - 1.
5
Suppose 2*g = -4*a + 7*g + 626, -3*a + g = -475. Calculate the remainder when a is divided by 27.
24
Suppose 10 + 50 = 5*h. Calculate the remainder when 22 is divided by h.
10
Suppose 5*u = 5 + 5. Calculate the remainder when (u + 7 + 2)/(5/30) is divided by 14.
10
Calculate the remainder when (-1 - 1)/((-6)/690) is divided by 121.
109
Let z = 100 - 67. Calculate the remainder when 84 is divided by z.
18
Let f = -37 - -41. Suppose 4*u + 64 = 4*g, -f*g - 3*u + 64 = g. What is the remainder when 53 is divided by g?
11
Let o(l) = -l**3 + 5*l**2 + 5*l - 21. Calculate the remainder when o(-4) is divided by 35.
33
Calculate the remainder when 198 is divided by ((-1)/(-5)*-68)/((-28)/70).
28
Let p = -5 + 4. Let x be -13 - -9 - (-191 - p). Let a = 289 - x. What is the remainder when a is divided by 26?
25
Suppose -3*q + 58 = m, 3*q + 8 = 7*q. Let j = m - 33. Wh